{"id":13,"date":"2017-05-15T19:36:50","date_gmt":"2017-05-15T17:36:50","guid":{"rendered":"https:\/\/www.theatermuseasten.de\/?page_id=13"},"modified":"2017-05-20T18:54:49","modified_gmt":"2017-05-20T16:54:49","slug":"the-must","status":"publish","type":"page","link":"https:\/\/www.theatermuseasten.de\/index.php\/the-must\/","title":{"rendered":"<span style=\"color: #98032e;\">THE<\/span>ATER<span style=\"color: #98032e;\">MUS<\/span>EAS<span style=\"color: #98032e;\">T<\/span>EN <span style=\"font-family: Segoe Script; color: #98032e;\"> &#8211;  Unser Wahlspruch<\/span>"},"content":{"rendered":"<figure id=\"attachment_255\" aria-describedby=\"caption-attachment-255\" style=\"width: 800px\" class=\"wp-caption aligncenter\"><a href=\"https:\/\/www.theatermuseasten.de\/wp-content\/uploads\/2017\/05\/theatermuseasten_anzeige_everding.png\" rel=\"lightbox[13]\"><img loading=\"lazy\" decoding=\"async\" class=\"wp-image-255\" src=\"https:\/\/www.theatermuseasten.de\/wp-content\/uploads\/2017\/05\/theatermuseasten_anzeige_everding.png\" alt=\"\" width=\"800\" height=\"537\" srcset=\"https:\/\/www.theatermuseasten.de\/wp-content\/uploads\/2017\/05\/theatermuseasten_anzeige_everding.png 1637w, https:\/\/www.theatermuseasten.de\/wp-content\/uploads\/2017\/05\/theatermuseasten_anzeige_everding-300x201.png 300w, https:\/\/www.theatermuseasten.de\/wp-content\/uploads\/2017\/05\/theatermuseasten_anzeige_everding-768x515.png 768w, https:\/\/www.theatermuseasten.de\/wp-content\/uploads\/2017\/05\/theatermuseasten_anzeige_everding-1024x687.png 1024w, https:\/\/www.theatermuseasten.de\/wp-content\/uploads\/2017\/05\/theatermuseasten_anzeige_everding-410x275.png 410w, https:\/\/www.theatermuseasten.de\/wp-content\/uploads\/2017\/05\/theatermuseasten_anzeige_everding-100x67.png 100w, https:\/\/www.theatermuseasten.de\/wp-content\/uploads\/2017\/05\/theatermuseasten_anzeige_everding-275x184.png 275w\" sizes=\"auto, (max-width: 800px) 100vw, 800px\" \/><\/a><figcaption id=\"caption-attachment-255\" class=\"wp-caption-text\">Als Anzeige erschienen im &#8222;M\u00fcnchner Feuilleton&#8220; (November 2013)<\/figcaption><\/figure>\n<p>&nbsp;<\/p>\n<p>&nbsp;<\/p>\n<p>Wir folgen diesem Aufruf von Prof. Dr. August Everding, indem wir aus <span style=\"color: #98032e;\">THE<\/span>ATER <span style=\"color: #98032e;\">MUS<\/span>EAS<span style=\"color: #98032e;\">T<\/span>EN den englischen Slogan <span style=\"font-family: Segoe Script; color: #98032e;\">the must!<\/span> zu unserem Wahlspruch erkoren haben: \u201eDas Muss!\u201c bedeutet f\u00fcr uns, das Deutsche Theatermuseum M\u00fcnchen in seinen vielf\u00e4ltigen Projekten und in der Erf\u00fcllung seiner Aufgaben finanziell und ideell zu unterst\u00fctzen, und es sei ebenso als Einladung wie als Aufforderung zu verstehen, uns THEATERMUSEASTEN bei unseren Aktivit\u00e4ten zu unterst\u00fctzen.<\/p>\n<p>Hierzu k\u00f6nnen wir Ihnen verschiedene Formen einer Mitgliedschaft anbieten, \u00fcber die Sie sich unter <span style=\"color: #98032e;\">THE<\/span>ATER<span style=\"color: #98032e;\">MUS<\/span>EAS<span style=\"color: #98032e;\">T<\/span>EN gerne n\u00e4her informieren k\u00f6nnen.<\/p>\n","protected":false},"excerpt":{"rendered":"<p>&nbsp; &nbsp; Wir folgen diesem Aufruf von Prof. Dr. August Everding, indem wir aus THEATER MUSEASTEN den englischen Slogan the must! zu unserem Wahlspruch erkoren haben: \u201eDas Muss!\u201c bedeutet f\u00fcr uns, das Deutsche Theatermuseum M\u00fcnchen in seinen vielf\u00e4ltigen Projekten und in der Erf\u00fcllung seiner Aufgaben finanziell und ideell zu unterst\u00fctzen, und es sei ebenso als [&hellip;]<\/p>\n","protected":false},"author":1,"featured_media":0,"parent":0,"menu_order":0,"comment_status":"closed","ping_status":"closed","template":"","meta":{"footnotes":""},"class_list":["post-13","page","type-page","status-publish","hentry"],"yoast_head":"<!-- This site is optimized with the Yoast SEO plugin v26.3 - https:\/\/yoast.com\/wordpress\/plugins\/seo\/ -->\n<title>THEATERMUSEASTEN  - Unser Wahlspruch - Theatermuseasten - Freunde des Deutschen Theatermuseums M\u00fcnchen e.V.<\/title>\n<meta name=\"robots\" content=\"index, follow, max-snippet:-1, max-image-preview:large, max-video-preview:-1\" \/>\n<link rel=\"canonical\" href=\"https:\/\/www.theatermuseasten.de\/index.php\/the-must\/\" \/>\n<meta property=\"og:locale\" content=\"de_DE\" \/>\n<meta property=\"og:type\" content=\"article\" \/>\n<meta property=\"og:title\" content=\"THEATERMUSEASTEN  - Unser Wahlspruch - Theatermuseasten - Freunde des Deutschen Theatermuseums M\u00fcnchen e.V.\" \/>\n<meta property=\"og:description\" content=\"&nbsp; &nbsp; Wir folgen diesem Aufruf von Prof. Dr. August Everding, indem wir aus THEATER MUSEASTEN den englischen Slogan the must! zu unserem Wahlspruch erkoren haben: \u201eDas Muss!\u201c bedeutet f\u00fcr uns, das Deutsche Theatermuseum M\u00fcnchen in seinen vielf\u00e4ltigen Projekten und in der Erf\u00fcllung seiner Aufgaben finanziell und ideell zu unterst\u00fctzen, und es sei ebenso als [&hellip;]\" \/>\n<meta property=\"og:url\" content=\"https:\/\/www.theatermuseasten.de\/index.php\/the-must\/\" \/>\n<meta property=\"og:site_name\" content=\"Theatermuseasten - Freunde des Deutschen Theatermuseums M\u00fcnchen e.V.\" \/>\n<meta property=\"article:modified_time\" content=\"2017-05-20T16:54:49+00:00\" \/>\n<meta property=\"og:image\" content=\"https:\/\/www.theatermuseasten.de\/wp-content\/uploads\/2017\/05\/theatermuseasten_anzeige_everding.png\" \/>\n<meta name=\"twitter:card\" content=\"summary_large_image\" \/>\n<meta name=\"twitter:label1\" content=\"Gesch\u00e4tzte Lesezeit\" \/>\n\t<meta name=\"twitter:data1\" content=\"1\u00a0Minute\" \/>\n<script type=\"application\/ld+json\" class=\"yoast-schema-graph\">{\"@context\":\"https:\/\/schema.org\",\"@graph\":[{\"@type\":\"WebPage\",\"@id\":\"https:\/\/www.theatermuseasten.de\/index.php\/the-must\/\",\"url\":\"https:\/\/www.theatermuseasten.de\/index.php\/the-must\/\",\"name\":\"THEATERMUSEASTEN - Unser Wahlspruch - Theatermuseasten - Freunde des Deutschen Theatermuseums M\u00fcnchen e.V.\",\"isPartOf\":{\"@id\":\"https:\/\/www.theatermuseasten.de\/#website\"},\"primaryImageOfPage\":{\"@id\":\"https:\/\/www.theatermuseasten.de\/index.php\/the-must\/#primaryimage\"},\"image\":{\"@id\":\"https:\/\/www.theatermuseasten.de\/index.php\/the-must\/#primaryimage\"},\"thumbnailUrl\":\"https:\/\/www.theatermuseasten.de\/wp-content\/uploads\/2017\/05\/theatermuseasten_anzeige_everding.png\",\"datePublished\":\"2017-05-15T17:36:50+00:00\",\"dateModified\":\"2017-05-20T16:54:49+00:00\",\"breadcrumb\":{\"@id\":\"https:\/\/www.theatermuseasten.de\/index.php\/the-must\/#breadcrumb\"},\"inLanguage\":\"de\",\"potentialAction\":[{\"@type\":\"ReadAction\",\"target\":[\"https:\/\/www.theatermuseasten.de\/index.php\/the-must\/\"]}]},{\"@type\":\"ImageObject\",\"inLanguage\":\"de\",\"@id\":\"https:\/\/www.theatermuseasten.de\/index.php\/the-must\/#primaryimage\",\"url\":\"https:\/\/www.theatermuseasten.de\/wp-content\/uploads\/2017\/05\/theatermuseasten_anzeige_everding.png\",\"contentUrl\":\"https:\/\/www.theatermuseasten.de\/wp-content\/uploads\/2017\/05\/theatermuseasten_anzeige_everding.png\",\"width\":1637,\"height\":1098},{\"@type\":\"BreadcrumbList\",\"@id\":\"https:\/\/www.theatermuseasten.de\/index.php\/the-must\/#breadcrumb\",\"itemListElement\":[{\"@type\":\"ListItem\",\"position\":1,\"name\":\"Startseite\",\"item\":\"https:\/\/www.theatermuseasten.de\/\"},{\"@type\":\"ListItem\",\"position\":2,\"name\":\"THEATERMUSEASTEN &#8211; Unser Wahlspruch\"}]},{\"@type\":\"WebSite\",\"@id\":\"https:\/\/www.theatermuseasten.de\/#website\",\"url\":\"https:\/\/www.theatermuseasten.de\/\",\"name\":\"Theatermuseasten - Freunde des Deutschen Theatermuseums M\u00fcnchen e.V.\",\"description\":\"F\u00f6rderverein Deutsches Theatermuseums M\u00fcnchen e.V.\",\"potentialAction\":[{\"@type\":\"SearchAction\",\"target\":{\"@type\":\"EntryPoint\",\"urlTemplate\":\"https:\/\/www.theatermuseasten.de\/?s={search_term_string}\"},\"query-input\":{\"@type\":\"PropertyValueSpecification\",\"valueRequired\":true,\"valueName\":\"search_term_string\"}}],\"inLanguage\":\"de\"}]}<\/script>\n<!-- \/ Yoast SEO plugin. -->","yoast_head_json":{"title":"THEATERMUSEASTEN  - Unser Wahlspruch - Theatermuseasten - Freunde des Deutschen Theatermuseums M\u00fcnchen e.V.","robots":{"index":"index","follow":"follow","max-snippet":"max-snippet:-1","max-image-preview":"max-image-preview:large","max-video-preview":"max-video-preview:-1"},"canonical":"https:\/\/www.theatermuseasten.de\/index.php\/the-must\/","og_locale":"de_DE","og_type":"article","og_title":"THEATERMUSEASTEN  - Unser Wahlspruch - Theatermuseasten - Freunde des Deutschen Theatermuseums M\u00fcnchen e.V.","og_description":"&nbsp; &nbsp; Wir folgen diesem Aufruf von Prof. Dr. August Everding, indem wir aus THEATER MUSEASTEN den englischen Slogan the must! zu unserem Wahlspruch erkoren haben: \u201eDas Muss!\u201c bedeutet f\u00fcr uns, das Deutsche Theatermuseum M\u00fcnchen in seinen vielf\u00e4ltigen Projekten und in der Erf\u00fcllung seiner Aufgaben finanziell und ideell zu unterst\u00fctzen, und es sei ebenso als [&hellip;]","og_url":"https:\/\/www.theatermuseasten.de\/index.php\/the-must\/","og_site_name":"Theatermuseasten - Freunde des Deutschen Theatermuseums M\u00fcnchen e.V.","article_modified_time":"2017-05-20T16:54:49+00:00","og_image":[{"url":"https:\/\/www.theatermuseasten.de\/wp-content\/uploads\/2017\/05\/theatermuseasten_anzeige_everding.png","type":"","width":"","height":""}],"twitter_card":"summary_large_image","twitter_misc":{"Gesch\u00e4tzte Lesezeit":"1\u00a0Minute"},"schema":{"@context":"https:\/\/schema.org","@graph":[{"@type":"WebPage","@id":"https:\/\/www.theatermuseasten.de\/index.php\/the-must\/","url":"https:\/\/www.theatermuseasten.de\/index.php\/the-must\/","name":"THEATERMUSEASTEN - Unser Wahlspruch - Theatermuseasten - Freunde des Deutschen Theatermuseums M\u00fcnchen e.V.","isPartOf":{"@id":"https:\/\/www.theatermuseasten.de\/#website"},"primaryImageOfPage":{"@id":"https:\/\/www.theatermuseasten.de\/index.php\/the-must\/#primaryimage"},"image":{"@id":"https:\/\/www.theatermuseasten.de\/index.php\/the-must\/#primaryimage"},"thumbnailUrl":"https:\/\/www.theatermuseasten.de\/wp-content\/uploads\/2017\/05\/theatermuseasten_anzeige_everding.png","datePublished":"2017-05-15T17:36:50+00:00","dateModified":"2017-05-20T16:54:49+00:00","breadcrumb":{"@id":"https:\/\/www.theatermuseasten.de\/index.php\/the-must\/#breadcrumb"},"inLanguage":"de","potentialAction":[{"@type":"ReadAction","target":["https:\/\/www.theatermuseasten.de\/index.php\/the-must\/"]}]},{"@type":"ImageObject","inLanguage":"de","@id":"https:\/\/www.theatermuseasten.de\/index.php\/the-must\/#primaryimage","url":"https:\/\/www.theatermuseasten.de\/wp-content\/uploads\/2017\/05\/theatermuseasten_anzeige_everding.png","contentUrl":"https:\/\/www.theatermuseasten.de\/wp-content\/uploads\/2017\/05\/theatermuseasten_anzeige_everding.png","width":1637,"height":1098},{"@type":"BreadcrumbList","@id":"https:\/\/www.theatermuseasten.de\/index.php\/the-must\/#breadcrumb","itemListElement":[{"@type":"ListItem","position":1,"name":"Startseite","item":"https:\/\/www.theatermuseasten.de\/"},{"@type":"ListItem","position":2,"name":"THEATERMUSEASTEN &#8211; Unser Wahlspruch"}]},{"@type":"WebSite","@id":"https:\/\/www.theatermuseasten.de\/#website","url":"https:\/\/www.theatermuseasten.de\/","name":"Theatermuseasten - Freunde des Deutschen Theatermuseums M\u00fcnchen e.V.","description":"F\u00f6rderverein Deutsches Theatermuseums M\u00fcnchen e.V.","potentialAction":[{"@type":"SearchAction","target":{"@type":"EntryPoint","urlTemplate":"https:\/\/www.theatermuseasten.de\/?s={search_term_string}"},"query-input":{"@type":"PropertyValueSpecification","valueRequired":true,"valueName":"search_term_string"}}],"inLanguage":"de"}]}},"_links":{"self":[{"href":"https:\/\/www.theatermuseasten.de\/index.php\/wp-json\/wp\/v2\/pages\/13","targetHints":{"allow":["GET"]}}],"collection":[{"href":"https:\/\/www.theatermuseasten.de\/index.php\/wp-json\/wp\/v2\/pages"}],"about":[{"href":"https:\/\/www.theatermuseasten.de\/index.php\/wp-json\/wp\/v2\/types\/page"}],"author":[{"embeddable":true,"href":"https:\/\/www.theatermuseasten.de\/index.php\/wp-json\/wp\/v2\/users\/1"}],"replies":[{"embeddable":true,"href":"https:\/\/www.theatermuseasten.de\/index.php\/wp-json\/wp\/v2\/comments?post=13"}],"version-history":[{"count":6,"href":"https:\/\/www.theatermuseasten.de\/index.php\/wp-json\/wp\/v2\/pages\/13\/revisions"}],"predecessor-version":[{"id":445,"href":"https:\/\/www.theatermuseasten.de\/index.php\/wp-json\/wp\/v2\/pages\/13\/revisions\/445"}],"wp:attachment":[{"href":"https:\/\/www.theatermuseasten.de\/index.php\/wp-json\/wp\/v2\/media?parent=13"}],"curies":[{"name":"wp","href":"https:\/\/api.w.org\/{rel}","templated":true}]}}